{"id":95,"date":"2018-10-18T08:07:16","date_gmt":"2018-10-18T08:07:16","guid":{"rendered":"http:\/\/schreibstube-sh.ch\/neu\/?page_id=95"},"modified":"2023-06-02T14:05:13","modified_gmt":"2023-06-02T14:05:13","slug":"stellenbewerbung","status":"publish","type":"page","link":"https:\/\/www.schreibstube-sh.ch\/neu\/stellenbewerbung\/","title":{"rendered":"Stellenbewerbung"},"content":{"rendered":"\t\t<div data-elementor-type=\"wp-post\" data-elementor-id=\"95\" class=\"elementor elementor-95\" data-elementor-post-type=\"page\">\n\t\t\t\t\t\t<section class=\"elementor-section elementor-top-section elementor-element elementor-element-8c80163 elementor-section-boxed elementor-section-height-default elementor-section-height-default\" data-id=\"8c80163\" data-element_type=\"section\" data-e-type=\"section\" data-settings=\"{&quot;background_background&quot;:&quot;classic&quot;}\">\n\t\t\t\t\t\t\t<div class=\"elementor-background-overlay\"><\/div>\n\t\t\t\t\t\t\t<div class=\"elementor-container elementor-column-gap-default\">\n\t\t\t\t\t<div class=\"elementor-column elementor-col-100 elementor-top-column elementor-element elementor-element-bd2eab2\" data-id=\"bd2eab2\" data-element_type=\"column\" data-e-type=\"column\" data-settings=\"{&quot;background_background&quot;:&quot;classic&quot;}\">\n\t\t\t<div class=\"elementor-widget-wrap elementor-element-populated\">\n\t\t\t\t\t\t<div class=\"elementor-element elementor-element-170e7b6 elementor-nav-menu__align-start elementor-nav-menu--dropdown-tablet elementor-nav-menu__text-align-aside elementor-nav-menu--toggle elementor-nav-menu--burger elementor-widget elementor-widget-nav-menu\" data-id=\"170e7b6\" data-element_type=\"widget\" data-e-type=\"widget\" data-settings=\"{&quot;layout&quot;:&quot;horizontal&quot;,&quot;submenu_icon&quot;:{&quot;value&quot;:&quot;&lt;i class=\\&quot;fas fa-caret-down\\&quot; aria-hidden=\\&quot;true\\&quot;&gt;&lt;\\\/i&gt;&quot;,&quot;library&quot;:&quot;fa-solid&quot;},&quot;toggle&quot;:&quot;burger&quot;}\" data-widget_type=\"nav-menu.default\">\n\t\t\t\t<div class=\"elementor-widget-container\">\n\t\t\t\t\t\t\t\t<nav aria-label=\"Menu\" class=\"elementor-nav-menu--main elementor-nav-menu__container elementor-nav-menu--layout-horizontal e--pointer-none\">\n\t\t\t\t<ul id=\"menu-1-170e7b6\" class=\"elementor-nav-menu\"><li class=\"menu-item menu-item-type-post_type menu-item-object-page menu-item-home menu-item-7\"><a href=\"https:\/\/www.schreibstube-sh.ch\/neu\/\" class=\"elementor-item\">Home<\/a><\/li>\n<li class=\"menu-item menu-item-type-post_type menu-item-object-page menu-item-97\"><a href=\"https:\/\/www.schreibstube-sh.ch\/neu\/stellenbewerbung\/\" class=\"elementor-item\">Stellenbewerbung<\/a><\/li>\n<li class=\"menu-item menu-item-type-post_type menu-item-object-page menu-item-184\"><a href=\"https:\/\/www.schreibstube-sh.ch\/neu\/downloads\/\" class=\"elementor-item\">Downloads<\/a><\/li>\n<li class=\"menu-item menu-item-type-post_type menu-item-object-page menu-item-118\"><a href=\"https:\/\/www.schreibstube-sh.ch\/neu\/mitarbeiter\/\" class=\"elementor-item\">Mitarbeiter<\/a><\/li>\n<li class=\"menu-item menu-item-type-post_type menu-item-object-page menu-item-129\"><a href=\"https:\/\/www.schreibstube-sh.ch\/neu\/anfahrt\/\" class=\"elementor-item\">Anfahrt<\/a><\/li>\n<li class=\"menu-item menu-item-type-post_type menu-item-object-page menu-item-152\"><a href=\"https:\/\/www.schreibstube-sh.ch\/neu\/diverses\/\" class=\"elementor-item\">Mithelfen<\/a><\/li>\n<li class=\"menu-item menu-item-type-post_type menu-item-object-page menu-item-181\"><a href=\"https:\/\/www.schreibstube-sh.ch\/neu\/links\/\" class=\"elementor-item\">Links<\/a><\/li>\n<li class=\"menu-item menu-item-type-post_type menu-item-object-page menu-item-247\"><a href=\"https:\/\/www.schreibstube-sh.ch\/neu\/dsgvo\/\" class=\"elementor-item\">AGB<\/a><\/li>\n<\/ul>\t\t\t<\/nav>\n\t\t\t\t\t<div class=\"elementor-menu-toggle\" role=\"button\" tabindex=\"0\" aria-label=\"Menu Toggle\" aria-expanded=\"false\">\n\t\t\t<i aria-hidden=\"true\" role=\"presentation\" class=\"elementor-menu-toggle__icon--open eicon-menu-bar\"><\/i><i aria-hidden=\"true\" role=\"presentation\" class=\"elementor-menu-toggle__icon--close eicon-close\"><\/i>\t\t<\/div>\n\t\t\t\t\t<nav class=\"elementor-nav-menu--dropdown elementor-nav-menu__container\" aria-hidden=\"true\">\n\t\t\t\t<ul id=\"menu-2-170e7b6\" class=\"elementor-nav-menu\"><li class=\"menu-item menu-item-type-post_type menu-item-object-page menu-item-home menu-item-7\"><a href=\"https:\/\/www.schreibstube-sh.ch\/neu\/\" class=\"elementor-item\" tabindex=\"-1\">Home<\/a><\/li>\n<li class=\"menu-item menu-item-type-post_type menu-item-object-page menu-item-97\"><a href=\"https:\/\/www.schreibstube-sh.ch\/neu\/stellenbewerbung\/\" class=\"elementor-item\" tabindex=\"-1\">Stellenbewerbung<\/a><\/li>\n<li class=\"menu-item menu-item-type-post_type menu-item-object-page menu-item-184\"><a href=\"https:\/\/www.schreibstube-sh.ch\/neu\/downloads\/\" class=\"elementor-item\" tabindex=\"-1\">Downloads<\/a><\/li>\n<li class=\"menu-item menu-item-type-post_type menu-item-object-page menu-item-118\"><a href=\"https:\/\/www.schreibstube-sh.ch\/neu\/mitarbeiter\/\" class=\"elementor-item\" tabindex=\"-1\">Mitarbeiter<\/a><\/li>\n<li class=\"menu-item menu-item-type-post_type menu-item-object-page menu-item-129\"><a href=\"https:\/\/www.schreibstube-sh.ch\/neu\/anfahrt\/\" class=\"elementor-item\" tabindex=\"-1\">Anfahrt<\/a><\/li>\n<li class=\"menu-item menu-item-type-post_type menu-item-object-page menu-item-152\"><a href=\"https:\/\/www.schreibstube-sh.ch\/neu\/diverses\/\" class=\"elementor-item\" tabindex=\"-1\">Mithelfen<\/a><\/li>\n<li class=\"menu-item menu-item-type-post_type menu-item-object-page menu-item-181\"><a href=\"https:\/\/www.schreibstube-sh.ch\/neu\/links\/\" class=\"elementor-item\" tabindex=\"-1\">Links<\/a><\/li>\n<li class=\"menu-item menu-item-type-post_type menu-item-object-page menu-item-247\"><a href=\"https:\/\/www.schreibstube-sh.ch\/neu\/dsgvo\/\" class=\"elementor-item\" tabindex=\"-1\">AGB<\/a><\/li>\n<\/ul>\t\t\t<\/nav>\n\t\t\t\t\t\t<\/div>\n\t\t\t\t<\/div>\n\t\t\t\t<div class=\"elementor-element elementor-element-2ec8016 elementor-widget elementor-widget-global elementor-global-543 elementor-widget-image\" data-id=\"2ec8016\" data-element_type=\"widget\" data-e-type=\"widget\" data-widget_type=\"image.default\">\n\t\t\t\t<div class=\"elementor-widget-container\">\n\t\t\t\t\t\t\t\t\t\t\t\t\t\t\t\t<a href=\"https:\/\/schreibstube-sh.ch\/neu\/\">\n\t\t\t\t\t\t\t<img fetchpriority=\"high\" decoding=\"async\" width=\"826\" height=\"295\" src=\"https:\/\/www.schreibstube-sh.ch\/neu\/wp-content\/uploads\/2020\/11\/Logo_Schreibstube.png\" class=\"attachment-twentyseventeen-featured-image size-twentyseventeen-featured-image wp-image-539\" alt=\"\" srcset=\"https:\/\/www.schreibstube-sh.ch\/neu\/wp-content\/uploads\/2020\/11\/Logo_Schreibstube.png 826w, https:\/\/www.schreibstube-sh.ch\/neu\/wp-content\/uploads\/2020\/11\/Logo_Schreibstube-300x107.png 300w, https:\/\/www.schreibstube-sh.ch\/neu\/wp-content\/uploads\/2020\/11\/Logo_Schreibstube-768x274.png 768w\" sizes=\"100vw\" \/>\t\t\t\t\t\t\t\t<\/a>\n\t\t\t\t\t\t\t\t\t\t\t\t\t\t\t<\/div>\n\t\t\t\t<\/div>\n\t\t\t\t<section class=\"elementor-section elementor-inner-section elementor-element elementor-element-8de59eb elementor-section-boxed elementor-section-height-default elementor-section-height-default\" data-id=\"8de59eb\" data-element_type=\"section\" data-e-type=\"section\">\n\t\t\t\t\t\t<div class=\"elementor-container elementor-column-gap-default\">\n\t\t\t\t\t<div class=\"elementor-column elementor-col-50 elementor-inner-column elementor-element elementor-element-05dc91a\" data-id=\"05dc91a\" data-element_type=\"column\" data-e-type=\"column\">\n\t\t\t<div class=\"elementor-widget-wrap elementor-element-populated\">\n\t\t\t\t\t\t<div class=\"elementor-element elementor-element-7a3184e elementor-widget elementor-widget-text-editor\" data-id=\"7a3184e\" data-element_type=\"widget\" data-e-type=\"widget\" data-widget_type=\"text-editor.default\">\n\t\t\t\t<div class=\"elementor-widget-container\">\n\t\t\t\t\t\t\t\t\t<h4><strong>WAS BRAUCHEN SIE F\u00dcR IHRE STELLENBEWERBUNG ?<\/strong><\/h4><p>Sie sollten sich schon ein wenig vorbereiten, bevor Sie zu uns kommen:<\/p><p>In welcher Branche, f\u00fcr welchen Beruf oder T\u00e4tigkeit wollen Sie sich bewerben? Diese Information und die Beratung dazu finden Sie zum Beispiel bei der Berufsberatung BIZ am Herrenacker 9, 8200 Schaffhausen<\/p><p><em>Wo wollen Sie sich bewerben ?<\/em><\/p><p>Sie brauchen Stelleninserate in den Zeitungen oder die Stellenausschreibungen, die Sie beim RAV erhalten.<\/p><p>Ihr Lebenslauf, die wichtigsten Informationen zu Ihrem Leben, \u00fcber Schulen, Ausbildung und Ihre Berufserfahrung.<\/p><p>Wenn Sie bereits einen Datentr\u00e4ger mit Ihrem Lebenslauf und \u00e4lteren Bewerbungen haben, bringen Sie diese bitte bei Ihrem n\u00e4chsten Besuch mit.<\/p><p>Bringen Sie auch alle Ihre Arbeitszeugnisse und auch alle anderen Unterlagen mit, damit wir Sie gezielt und umfassend beraten k\u00f6nnen<\/p>\t\t\t\t\t\t\t\t<\/div>\n\t\t\t\t<\/div>\n\t\t\t\t\t<\/div>\n\t\t<\/div>\n\t\t\t\t<div class=\"elementor-column elementor-col-50 elementor-inner-column elementor-element elementor-element-2339a59\" data-id=\"2339a59\" data-element_type=\"column\" data-e-type=\"column\">\n\t\t\t<div class=\"elementor-widget-wrap elementor-element-populated\">\n\t\t\t\t\t\t<div class=\"elementor-element elementor-element-93e50c5 elementor-widget elementor-widget-text-editor\" data-id=\"93e50c5\" data-element_type=\"widget\" data-e-type=\"widget\" data-widget_type=\"text-editor.default\">\n\t\t\t\t<div class=\"elementor-widget-container\">\n\t\t\t\t\t\t\t\t\t<h4><strong>IHRE BEWERBUNGS-CHECKLISTE:<\/strong><\/h4><p>\u00a0<\/p><ol><li style=\"list-style-type: none;\"><ol><li>Stelleninserat oder Stellenausschreibung von RAV.<\/li><li>Genaue Firmenadresse, am besten mit dem Namen des zust\u00e4ndigen Personalleiters.<\/li><li>Lebenslauf, aktuell und vollst\u00e4ndig.<\/li><li>Ein aktuelles Bewerbungsfoto, wenn erforderlich.<\/li><li>Ihr Bewerbungsschreiben.<\/li><li>Kopien von Schul-, Pr\u00fcfungs- und Arbeitszeugnissen.<\/li><\/ol><\/li><\/ol>\t\t\t\t\t\t\t\t<\/div>\n\t\t\t\t<\/div>\n\t\t\t\t\t<\/div>\n\t\t<\/div>\n\t\t\t\t\t<\/div>\n\t\t<\/section>\n\t\t\t\t<section class=\"elementor-section elementor-inner-section elementor-element elementor-element-e02e206 elementor-section-boxed elementor-section-height-default elementor-section-height-default\" data-id=\"e02e206\" data-element_type=\"section\" data-e-type=\"section\">\n\t\t\t\t\t\t<div class=\"elementor-container elementor-column-gap-default\">\n\t\t\t\t\t<div class=\"elementor-column elementor-col-50 elementor-inner-column elementor-element elementor-element-1d84892\" data-id=\"1d84892\" data-element_type=\"column\" data-e-type=\"column\">\n\t\t\t<div class=\"elementor-widget-wrap elementor-element-populated\">\n\t\t\t\t\t\t<div class=\"elementor-element elementor-element-83f6cd4 elementor-widget elementor-widget-text-editor\" data-id=\"83f6cd4\" data-element_type=\"widget\" data-e-type=\"widget\" data-widget_type=\"text-editor.default\">\n\t\t\t\t<div class=\"elementor-widget-container\">\n\t\t\t\t\t\t\t\t\t<h4><strong>WAS ERWARTEN WIR VON IHNEN ?<br \/><\/strong><\/h4><p>Einhaltung der \u00d6ffnungszeiten, gen\u00fcgend Zeit und Geduld f\u00fcr Ihre Anliegen, freundlichen und kollegialen Umgang mit allen Benutzern und Helfern der Schreibstube.<\/p><p>Sorgf\u00e4ltige Behandlung unserer B\u00fcroeinrichtung und auch sparsame Verwendung des B\u00fcromaterials und der Infrastruktur.<\/p><p>Kostenbeitrag f\u00fcr Verbrauchsmaterial:\u00a0<\/p><p>Datentr\u00e4ger, Druck- und Kopierpapier, Couverts usw.<\/p><p>Ihre Eintragung in das G\u00e4stebuch.<\/p><p>\u00a0<\/p>\t\t\t\t\t\t\t\t<\/div>\n\t\t\t\t<\/div>\n\t\t\t\t\t<\/div>\n\t\t<\/div>\n\t\t\t\t<div class=\"elementor-column elementor-col-50 elementor-inner-column elementor-element elementor-element-be71025\" data-id=\"be71025\" data-element_type=\"column\" data-e-type=\"column\">\n\t\t\t<div class=\"elementor-widget-wrap elementor-element-populated\">\n\t\t\t\t\t\t<div class=\"elementor-element elementor-element-98fe47b elementor-widget elementor-widget-text-editor\" data-id=\"98fe47b\" data-element_type=\"widget\" data-e-type=\"widget\" data-widget_type=\"text-editor.default\">\n\t\t\t\t<div class=\"elementor-widget-container\">\n\t\t\t\t\t\t\t\t\t<p>Ihre pers\u00f6nliche Solidarit\u00e4t und Sympathie mit der Schreibstube Schaffhausen k\u00f6nnen Sie am besten durch Ihre Mitgliedschaft best\u00e4tigen: Jahresbeitrag CHF 20.00 (Einzelpersonen) \/ CHF 30.00 (Personen im selben Haushalt) \/ CHF 50.00 (Firmen und Organisationen) auf das Konto der Raiffeisenbank Schaffhausen:<\/p>\t\t\t\t\t\t\t\t<\/div>\n\t\t\t\t<\/div>\n\t\t\t\t<div class=\"elementor-element elementor-element-bc9484d elementor-widget elementor-widget-text-editor\" data-id=\"bc9484d\" data-element_type=\"widget\" data-e-type=\"widget\" data-widget_type=\"text-editor.default\">\n\t\t\t\t<div class=\"elementor-widget-container\">\n\t\t\t\t\t\t\t\t\t<h1>82-220-7<\/h1>\t\t\t\t\t\t\t\t<\/div>\n\t\t\t\t<\/div>\n\t\t\t\t<div class=\"elementor-element elementor-element-b01efe6 elementor-widget elementor-widget-text-editor\" data-id=\"b01efe6\" data-element_type=\"widget\" data-e-type=\"widget\" data-widget_type=\"text-editor.default\">\n\t\t\t\t<div class=\"elementor-widget-container\">\n\t\t\t\t\t\t\t\t\t<p>IBAN CH23 8080 8001 3136 7912 9<\/p>\t\t\t\t\t\t\t\t<\/div>\n\t\t\t\t<\/div>\n\t\t\t\t<div class=\"elementor-element elementor-element-fd4a957 elementor-widget elementor-widget-text-editor\" data-id=\"fd4a957\" data-element_type=\"widget\" data-e-type=\"widget\" data-widget_type=\"text-editor.default\">\n\t\t\t\t<div class=\"elementor-widget-container\">\n\t\t\t\t\t\t\t\t\t<p>Wir danken hiermit allen Vereinsmitgliedern und Sponsoren f\u00fcr Ihre Beitr\u00e4ge und grossz\u00fcgigen Spenden, die es uns erm\u00f6glichen, den Betrieb der Schreibstube f\u00fcr alle Interessierten weiterhin aufrecht zu erhalten.<\/p>\t\t\t\t\t\t\t\t<\/div>\n\t\t\t\t<\/div>\n\t\t\t\t\t<\/div>\n\t\t<\/div>\n\t\t\t\t\t<\/div>\n\t\t<\/section>\n\t\t\t\t<div class=\"elementor-element elementor-element-3a43f0b elementor-hidden-phone elementor-widget elementor-widget-spacer\" data-id=\"3a43f0b\" data-element_type=\"widget\" data-e-type=\"widget\" data-widget_type=\"spacer.default\">\n\t\t\t\t<div class=\"elementor-widget-container\">\n\t\t\t\t\t\t\t<div class=\"elementor-spacer\">\n\t\t\t<div class=\"elementor-spacer-inner\"><\/div>\n\t\t<\/div>\n\t\t\t\t\t\t<\/div>\n\t\t\t\t<\/div>\n\t\t\t\t<div class=\"elementor-element elementor-element-39bdb96 elementor-widget elementor-widget-global elementor-global-625 elementor-widget-text-editor\" data-id=\"39bdb96\" data-element_type=\"widget\" data-e-type=\"widget\" data-widget_type=\"text-editor.default\">\n\t\t\t\t<div class=\"elementor-widget-container\">\n\t\t\t\t\t\t\t\t\t<p>Schreibstube Schaffhausen | Emmersbergstrasse 1 \/ B\u00fcro 412 | 8200 Schaffhausen | 076 650 21 00 | <span style=\"color: #ffe100;\"><a style=\"color: #ffe100;\" href=\"mailto:info@schreibstube-sh.ch\">info@schreibstube-sh.ch<\/a><\/span><br \/>Raiffeisenbank Schaffhausen PC-Konto 82-220-7 \u00a0 IBAN: CH23 8080 8001 3136 7912 9<br \/>Jahresbeitrag CHF 20.00 (Einzelpersonen) \/ CHF 30.00 (Personen im selben Haushalt) \/ CHF 50.00 (Firmen und Organisationen)<\/p>\t\t\t\t\t\t\t\t<\/div>\n\t\t\t\t<\/div>\n\t\t\t\t\t<\/div>\n\t\t<\/div>\n\t\t\t\t\t<\/div>\n\t\t<\/section>\n\t\t\t\t<\/div>\n\t\t","protected":false},"excerpt":{"rendered":"<p>WAS BRAUCHEN SIE F\u00dcR IHRE STELLENBEWERBUNG ? Sie sollten sich schon ein wenig vorbereiten, bevor Sie zu uns kommen: In welcher Branche, f\u00fcr welchen Beruf oder T\u00e4tigkeit wollen Sie sich bewerben? Diese Information und die Beratung dazu finden Sie zum Beispiel bei der Berufsberatung BIZ am Herrenacker 9, 8200 Schaffhausen Wo wollen Sie sich bewerben &hellip; <\/p>\n<p class=\"link-more\"><a href=\"https:\/\/www.schreibstube-sh.ch\/neu\/stellenbewerbung\/\" class=\"more-link\"><span class=\"screen-reader-text\">&#171;Stellenbewerbung&#187;<\/span> weiterlesen<\/a><\/p>\n","protected":false},"author":1,"featured_media":0,"parent":0,"menu_order":0,"comment_status":"closed","ping_status":"closed","template":"elementor_canvas","meta":{"footnotes":""},"class_list":["post-95","page","type-page","status-publish","hentry"],"_links":{"self":[{"href":"https:\/\/www.schreibstube-sh.ch\/neu\/wp-json\/wp\/v2\/pages\/95","targetHints":{"allow":["GET"]}}],"collection":[{"href":"https:\/\/www.schreibstube-sh.ch\/neu\/wp-json\/wp\/v2\/pages"}],"about":[{"href":"https:\/\/www.schreibstube-sh.ch\/neu\/wp-json\/wp\/v2\/types\/page"}],"author":[{"embeddable":true,"href":"https:\/\/www.schreibstube-sh.ch\/neu\/wp-json\/wp\/v2\/users\/1"}],"replies":[{"embeddable":true,"href":"https:\/\/www.schreibstube-sh.ch\/neu\/wp-json\/wp\/v2\/comments?post=95"}],"version-history":[{"count":60,"href":"https:\/\/www.schreibstube-sh.ch\/neu\/wp-json\/wp\/v2\/pages\/95\/revisions"}],"predecessor-version":[{"id":1532,"href":"https:\/\/www.schreibstube-sh.ch\/neu\/wp-json\/wp\/v2\/pages\/95\/revisions\/1532"}],"wp:attachment":[{"href":"https:\/\/www.schreibstube-sh.ch\/neu\/wp-json\/wp\/v2\/media?parent=95"}],"curies":[{"name":"wp","href":"https:\/\/api.w.org\/{rel}","templated":true}]}}